{"id":2,"date":"2014-12-18T10:37:20","date_gmt":"2014-12-18T10:37:20","guid":{"rendered":"http:\/\/evcomunicacao.com.br\/blog-ev\/?page_id=2"},"modified":"2020-08-04T17:01:59","modified_gmt":"2020-08-04T17:01:59","slug":"sobre","status":"publish","type":"page","link":"http:\/\/evcomunicacao.com.br\/blog\/sobre\/","title":{"rendered":"Sobre"},"content":{"rendered":"<p>H\u00e1 mais de 14 anos no mercado, somos uma <strong>ag\u00eancia de marketing<\/strong> especializada no <strong>posicionamento de marcas para o mercado e ambiente digital<\/strong>. Temos a miss\u00e3o de conectar pessoas \u00e0s marcas com solu\u00e7\u00f5es ousadas e criativas, atrav\u00e9s de estrat\u00e9gias personalizadas com a ess\u00eancia de cada hist\u00f3ria.<\/p>\n<p>E esse \u00e9 o <strong>nosso canal de comunica\u00e7\u00e3o com voc\u00ea<\/strong>! Estamos aqui para compartilhar informa\u00e7\u00f5es sobre <strong>branding<\/strong>, <strong>m\u00eddias sociais<\/strong>, <strong>marketing digital<\/strong>, <strong>websites <\/strong>e muito mais!<\/p>\n<p>Fique de olho para acompanhar cases, dicas, tend\u00eancias e inova\u00e7\u00f5es sobre o mundo da comunica\u00e7\u00e3o!<\/p>\n","protected":false},"excerpt":{"rendered":"<p>H\u00e1 mais de 14 anos no mercado, somos uma ag\u00eancia de marketing especializada no posicionamento de marcas para o mercado e ambiente digital. Temos a miss\u00e3o de conectar pessoas \u00e0s marcas com solu\u00e7\u00f5es ousadas e criativas, atrav\u00e9s de estrat\u00e9gias personalizadas [&hellip;]<\/p>\n","protected":false},"author":1,"featured_media":0,"parent":0,"menu_order":0,"comment_status":"open","ping_status":"open","template":"","meta":[],"_links":{"self":[{"href":"https:\/\/evcomunicacao.com.br\/blog\/wp-json\/wp\/v2\/pages\/2"}],"collection":[{"href":"https:\/\/evcomunicacao.com.br\/blog\/wp-json\/wp\/v2\/pages"}],"about":[{"href":"https:\/\/evcomunicacao.com.br\/blog\/wp-json\/wp\/v2\/types\/page"}],"author":[{"embeddable":true,"href":"https:\/\/evcomunicacao.com.br\/blog\/wp-json\/wp\/v2\/users\/1"}],"replies":[{"embeddable":true,"href":"https:\/\/evcomunicacao.com.br\/blog\/wp-json\/wp\/v2\/comments?post=2"}],"version-history":[{"count":4,"href":"https:\/\/evcomunicacao.com.br\/blog\/wp-json\/wp\/v2\/pages\/2\/revisions"}],"predecessor-version":[{"id":1452,"href":"https:\/\/evcomunicacao.com.br\/blog\/wp-json\/wp\/v2\/pages\/2\/revisions\/1452"}],"wp:attachment":[{"href":"https:\/\/evcomunicacao.com.br\/blog\/wp-json\/wp\/v2\/media?parent=2"}],"curies":[{"name":"wp","href":"https:\/\/api.w.org\/{rel}","templated":true}]}}

<p>Há mais de 14 anos no mercado, somos uma <strong>agência de marketing</strong> especializada no <strong>posicionamento de marcas para o mercado e ambiente digital</strong>. Temos a missão de conectar pessoas às marcas com soluções ousadas e criativas, através de estratégias personalizadas com a essência de cada história.</p>
<p>E esse é o <strong>nosso canal de comunicação com você</strong>! Estamos aqui para compartilhar informações sobre <strong>branding</strong>, <strong>mídias sociais</strong>, <strong>marketing digital</strong>, <strong>websites </strong>e muito mais!</p>
<p>Fique de olho para acompanhar cases, dicas, tendências e inovações sobre o mundo da comunicação!</p>

<p>Há mais de 14 anos no mercado, somos uma agência de marketing especializada no posicionamento de marcas para o mercado e ambiente digital. Temos a missão de conectar pessoas às marcas com soluções ousadas e criativas, através de estratégias personalizadas [&hellip;]</p>
